{"id":237,"date":"2018-05-09T12:01:54","date_gmt":"2018-05-09T10:01:54","guid":{"rendered":"http:\/\/idealweb.fr\/demo\/wordpress\/?page_id=237"},"modified":"2018-06-01T13:15:45","modified_gmt":"2018-06-01T11:15:45","slug":"les-valeurs","status":"publish","type":"page","link":"http:\/\/www.mariepire.fr\/index.php\/les-valeurs\/","title":{"rendered":"Les valeurs"},"content":{"rendered":"<p>[et_pb_section bb_built=\u00a0\u00bb1&Prime; specialty=\u00a0\u00bboff\u00a0\u00bb _builder_version=\u00a0\u00bb3.2.2&Prime; gutter_width=\u00a0\u00bb2&Prime; next_background_color=\u00a0\u00bb#ffffff\u00a0\u00bb background_color_gradient_start=\u00a0\u00bb#47529c\u00a0\u00bb background_color_gradient_end=\u00a0\u00bb#55a3dd\u00a0\u00bb use_background_color_gradient=\u00a0\u00bbon\u00a0\u00bb][et_pb_row _builder_version=\u00a0\u00bb3.2.2&Prime; gutter_width=\u00a0\u00bb2&Prime;][et_pb_column type=\u00a0\u00bb4_4&Prime;][et_pb_post_title _builder_version=\u00a0\u00bb3.2.2&Prime; meta=\u00a0\u00bboff\u00a0\u00bb featured_image=\u00a0\u00bboff\u00a0\u00bb text_color=\u00a0\u00bblight\u00a0\u00bb title_font_size=\u00a0\u00bb60px\u00a0\u00bb \/][\/et_pb_column][\/et_pb_row][\/et_pb_section][et_pb_section bb_built=\u00a0\u00bb1&Prime; prev_background_color=\u00a0\u00bb#000000&Prime;][et_pb_row][et_pb_column type=\u00a0\u00bb4_4&Prime;][et_pb_text _builder_version=\u00a0\u00bb3.2.2&Prime;]<\/p>\n<div class=\"page\" title=\"Page 6\">\n<div class=\"section\">\n<div class=\"layoutArea\">\n<div class=\"column\">\n<p>&#8211; Notre <strong>ETHIQUE<\/strong> : le respect de la personne dans sa fonction et en tant\u00a0qu\u2019individu,<\/p>\n<p>&#8211;\u00a0Notre <strong>PHILOSOPHIE<\/strong> : Toute personne a droit aux couleurs de la vie,<\/p>\n<p>&#8211;\u00a0Les <strong>FONDEMENTS<\/strong> m\u00eame de notre action :<\/p>\n<ul>\n<li>Agir au service des personnes en difficult\u00e9 : sp\u00e9cialis\u00e9e dans\u00a0l\u2019accompagnement d\u2019enfants, d\u2019adolescents en situation de handicap.<\/li>\n<li>\u00a0Reconnu d\u2019utilit\u00e9 publique,<\/li>\n<\/ul>\n<p>&#8211;\u00a0L\u2019Association continue le <strong>d\u00e9veloppement<\/strong> et <strong>l\u2019am\u00e9lioration<\/strong> des \u00e9tablissements d\u2019accueil et de prise en charge des enfants et adultes en situation de handicap initi\u00e9s depuis les ann\u00e9es soixante. Elle a le souci permanent de consolider les axes fondateurs que sont :<\/p>\n<ul>\n<li>la recherche de la meilleure int\u00e9gration et accompagnement possible pour les personnes accueillies,<\/li>\n<li>ainsi que l\u2019offre d\u2019une r\u00e9ponse de proximit\u00e9 par rapport \u00e0 la r\u00e9gion Sundgauvienne.<\/li>\n<\/ul>\n<\/div>\n<\/div>\n<\/div>\n<\/div>\n<p>[\/et_pb_text][\/et_pb_column][\/et_pb_row][\/et_pb_section]<\/p>\n","protected":false},"excerpt":{"rendered":"<p>[et_pb_section bb_built=\u00a0\u00bb1&Prime; specialty=\u00a0\u00bboff\u00a0\u00bb _builder_version=\u00a0\u00bb3.2.2&Prime; gutter_width=\u00a0\u00bb2&Prime; next_background_color=\u00a0\u00bb#ffffff\u00a0\u00bb background_color_gradient_start=\u00a0\u00bb#47529c\u00a0\u00bb background_color_gradient_end=\u00a0\u00bb#55a3dd\u00a0\u00bb use_background_color_gradient=\u00a0\u00bbon\u00a0\u00bb][et_pb_row _builder_version=\u00a0\u00bb3.2.2&Prime; gutter_width=\u00a0\u00bb2&Prime;][et_pb_column type=\u00a0\u00bb4_4&Prime;][et_pb_post_title _builder_version=\u00a0\u00bb3.2.2&Prime; meta=\u00a0\u00bboff\u00a0\u00bb featured_image=\u00a0\u00bboff\u00a0\u00bb text_color=\u00a0\u00bblight\u00a0\u00bb title_font_size=\u00a0\u00bb60px\u00a0\u00bb \/][\/et_pb_column][\/et_pb_row][\/et_pb_section][et_pb_section bb_built=\u00a0\u00bb1&Prime; prev_background_color=\u00a0\u00bb#000000&Prime;][et_pb_row][et_pb_column type=\u00a0\u00bb4_4&Prime;][et_pb_text _builder_version=\u00a0\u00bb3.2.2&Prime;] &#8211; Notre ETHIQUE : le respect de la personne dans sa fonction et en tant\u00a0qu\u2019individu, &#8211;\u00a0Notre PHILOSOPHIE : Toute personne a droit aux couleurs de la vie, &#8211;\u00a0Les FONDEMENTS m\u00eame de notre action [&hellip;]<\/p>\n","protected":false},"author":4,"featured_media":0,"parent":0,"menu_order":0,"comment_status":"closed","ping_status":"closed","template":"","meta":{"_et_pb_use_builder":"on","_et_pb_old_content":"<div class=\"page\" title=\"Page 6\"><div class=\"section\"><div class=\"layoutArea\"><div class=\"column\"><p>- Notre ETHIQUE : le respect de la personne dans sa fonction et en tant\u00a0qu\u2019individu,<\/p><p>-\u00a0Notre PHILOSOPHIE : Toute personne a droit aux couleurs de la vie,<\/p><p>-\u00a0Les FONDEMENTS m\u00eame de notre action :<\/p><ul><li>Agir au service des personnes en difficult\u00e9 : sp\u00e9cialis\u00e9e dans\u00a0l\u2019accompagnement d\u2019enfants, d\u2019adolescents en situation de handicap,<\/li><li>\u00a0Reconnu d\u2019utilit\u00e9 publique,<\/li><\/ul><p>-\u00a0L\u2019Association continue le d\u00e9veloppement et l\u2019am\u00e9lioration des \u00e9tablissements d\u2019accueil et de prise en charge des enfants et adultes en situation de handicap initi\u00e9s depuis les ann\u00e9es soixante. Elle a le souci permanent de consolider les axes fondateurs que sont :<\/p><ul><li>la recherche de la meilleure int\u00e9gration et accompagnement possible pour les personnes accueillies,<\/li><li>ainsi que l\u2019offre d\u2019une r\u00e9ponse de proximit\u00e9 par rapport \u00e0 la r\u00e9gion Sundgauvienne.<\/li><\/ul><\/div><\/div><\/div><\/div>","_et_gb_content_width":""},"yoast_head":"<!-- This site is optimized with the Yoast SEO plugin v15.7 - https:\/\/yoast.com\/wordpress\/plugins\/seo\/ -->\n<title>Les valeurs - Association Marie Pire<\/title>\n<meta name=\"robots\" content=\"index, follow, max-snippet:-1, max-image-preview:large, max-video-preview:-1\" \/>\n<link rel=\"canonical\" href=\"http:\/\/www.mariepire.fr\/index.php\/les-valeurs\/\" \/>\n<meta property=\"og:locale\" content=\"fr_FR\" \/>\n<meta property=\"og:type\" content=\"article\" \/>\n<meta property=\"og:title\" content=\"Les valeurs - Association Marie Pire\" \/>\n<meta property=\"og:description\" content=\"[et_pb_section bb_built=\u00a0\u00bb1&Prime; specialty=\u00a0\u00bboff\u00a0\u00bb _builder_version=\u00a0\u00bb3.2.2&Prime; gutter_width=\u00a0\u00bb2&Prime; next_background_color=\u00a0\u00bb#ffffff\u00a0\u00bb background_color_gradient_start=\u00a0\u00bb#47529c\u00a0\u00bb background_color_gradient_end=\u00a0\u00bb#55a3dd\u00a0\u00bb use_background_color_gradient=\u00a0\u00bbon\u00a0\u00bb][et_pb_row _builder_version=\u00a0\u00bb3.2.2&Prime; gutter_width=\u00a0\u00bb2&Prime;][et_pb_column type=\u00a0\u00bb4_4&Prime;][et_pb_post_title _builder_version=\u00a0\u00bb3.2.2&Prime; meta=\u00a0\u00bboff\u00a0\u00bb featured_image=\u00a0\u00bboff\u00a0\u00bb text_color=\u00a0\u00bblight\u00a0\u00bb title_font_size=\u00a0\u00bb60px\u00a0\u00bb \/][\/et_pb_column][\/et_pb_row][\/et_pb_section][et_pb_section bb_built=\u00a0\u00bb1&Prime; prev_background_color=\u00a0\u00bb#000000&Prime;][et_pb_row][et_pb_column type=\u00a0\u00bb4_4&Prime;][et_pb_text _builder_version=\u00a0\u00bb3.2.2&Prime;] &#8211; Notre ETHIQUE : le respect de la personne dans sa fonction et en tant\u00a0qu\u2019individu, &#8211;\u00a0Notre PHILOSOPHIE : Toute personne a droit aux couleurs de la vie, &#8211;\u00a0Les FONDEMENTS m\u00eame de notre action [&hellip;]\" \/>\n<meta property=\"og:url\" content=\"http:\/\/www.mariepire.fr\/index.php\/les-valeurs\/\" \/>\n<meta property=\"og:site_name\" content=\"Association Marie Pire\" \/>\n<meta property=\"article:modified_time\" content=\"2018-06-01T11:15:45+00:00\" \/>\n<meta name=\"twitter:card\" content=\"summary_large_image\" \/>\n<meta name=\"twitter:label1\" content=\"Dur\u00e9e de lecture est.\">\n\t<meta name=\"twitter:data1\" content=\"1 minute\">\n<script type=\"application\/ld+json\" class=\"yoast-schema-graph\">{\"@context\":\"https:\/\/schema.org\",\"@graph\":[{\"@type\":\"WebSite\",\"@id\":\"http:\/\/www.mariepire.fr\/#website\",\"url\":\"http:\/\/www.mariepire.fr\/\",\"name\":\"Association Marie Pire\",\"description\":\"\",\"potentialAction\":[{\"@type\":\"SearchAction\",\"target\":\"http:\/\/www.mariepire.fr\/?s={search_term_string}\",\"query-input\":\"required name=search_term_string\"}],\"inLanguage\":\"fr-FR\"},{\"@type\":\"WebPage\",\"@id\":\"http:\/\/www.mariepire.fr\/index.php\/les-valeurs\/#webpage\",\"url\":\"http:\/\/www.mariepire.fr\/index.php\/les-valeurs\/\",\"name\":\"Les valeurs - Association Marie Pire\",\"isPartOf\":{\"@id\":\"http:\/\/www.mariepire.fr\/#website\"},\"datePublished\":\"2018-05-09T10:01:54+00:00\",\"dateModified\":\"2018-06-01T11:15:45+00:00\",\"inLanguage\":\"fr-FR\",\"potentialAction\":[{\"@type\":\"ReadAction\",\"target\":[\"http:\/\/www.mariepire.fr\/index.php\/les-valeurs\/\"]}]}]}<\/script>\n<!-- \/ Yoast SEO plugin. -->","_links":{"self":[{"href":"http:\/\/www.mariepire.fr\/index.php\/wp-json\/wp\/v2\/pages\/237"}],"collection":[{"href":"http:\/\/www.mariepire.fr\/index.php\/wp-json\/wp\/v2\/pages"}],"about":[{"href":"http:\/\/www.mariepire.fr\/index.php\/wp-json\/wp\/v2\/types\/page"}],"author":[{"embeddable":true,"href":"http:\/\/www.mariepire.fr\/index.php\/wp-json\/wp\/v2\/users\/4"}],"replies":[{"embeddable":true,"href":"http:\/\/www.mariepire.fr\/index.php\/wp-json\/wp\/v2\/comments?post=237"}],"version-history":[{"count":0,"href":"http:\/\/www.mariepire.fr\/index.php\/wp-json\/wp\/v2\/pages\/237\/revisions"}],"wp:attachment":[{"href":"http:\/\/www.mariepire.fr\/index.php\/wp-json\/wp\/v2\/media?parent=237"}],"curies":[{"name":"wp","href":"https:\/\/api.w.org\/{rel}","templated":true}]}}

<p>[et_pb_section bb_built= »1&Prime; specialty= »off » _builder_version= »3.2.2&Prime; gutter_width= »2&Prime; next_background_color= »#ffffff » background_color_gradient_start= »#47529c » background_color_gradient_end= »#55a3dd » use_background_color_gradient= »on »][et_pb_row _builder_version= »3.2.2&Prime; gutter_width= »2&Prime;][et_pb_column type= »4_4&Prime;][et_pb_post_title _builder_version= »3.2.2&Prime; meta= »off » featured_image= »off » text_color= »light » title_font_size= »60px » /][/et_pb_column][/et_pb_row][/et_pb_section][et_pb_section bb_built= »1&Prime; prev_background_color= »#000000&Prime;][et_pb_row][et_pb_column type= »4_4&Prime;][et_pb_text _builder_version= »3.2.2&Prime;]</p>
<div class="page" title="Page 6">
<div class="section">
<div class="layoutArea">
<div class="column">
<p>&#8211; Notre <strong>ETHIQUE</strong> : le respect de la personne dans sa fonction et en tant qu’individu,</p>
<p>&#8211; Notre <strong>PHILOSOPHIE</strong> : Toute personne a droit aux couleurs de la vie,</p>
<p>&#8211; Les <strong>FONDEMENTS</strong> même de notre action :</p>
<ul>
<li>Agir au service des personnes en difficulté : spécialisée dans l’accompagnement d’enfants, d’adolescents en situation de handicap.</li>
<li> Reconnu d’utilité publique,</li>
</ul>
<p>&#8211; L’Association continue le <strong>développement</strong> et <strong>l’amélioration</strong> des établissements d’accueil et de prise en charge des enfants et adultes en situation de handicap initiés depuis les années soixante. Elle a le souci permanent de consolider les axes fondateurs que sont :</p>
<ul>
<li>la recherche de la meilleure intégration et accompagnement possible pour les personnes accueillies,</li>
<li>ainsi que l’offre d’une réponse de proximité par rapport à la région Sundgauvienne.</li>
</ul>
</div>
</div>
</div>
</div>
<p>[/et_pb_text][/et_pb_column][/et_pb_row][/et_pb_section]</p>

<p>[et_pb_section bb_built= »1&Prime; specialty= »off » _builder_version= »3.2.2&Prime; gutter_width= »2&Prime; next_background_color= »#ffffff » background_color_gradient_start= »#47529c » background_color_gradient_end= »#55a3dd » use_background_color_gradient= »on »][et_pb_row _builder_version= »3.2.2&Prime; gutter_width= »2&Prime;][et_pb_column type= »4_4&Prime;][et_pb_post_title _builder_version= »3.2.2&Prime; meta= »off » featured_image= »off » text_color= »light » title_font_size= »60px » /][/et_pb_column][/et_pb_row][/et_pb_section][et_pb_section bb_built= »1&Prime; prev_background_color= »#000000&Prime;][et_pb_row][et_pb_column type= »4_4&Prime;][et_pb_text _builder_version= »3.2.2&Prime;] &#8211; Notre ETHIQUE : le respect de la personne dans sa fonction et en tant qu’individu, &#8211; Notre PHILOSOPHIE : Toute personne a droit aux couleurs de la vie, &#8211; Les FONDEMENTS même de notre action [&hellip;]</p>

<div class="page" title="Page 6"><div class="section"><div class="layoutArea"><div class="column"><p>- Notre ETHIQUE : le respect de la personne dans sa fonction et en tant qu’individu,</p><p>- Notre PHILOSOPHIE : Toute personne a droit aux couleurs de la vie,</p><p>- Les FONDEMENTS même de notre action :</p><ul><li>Agir au service des personnes en difficulté : spécialisée dans l’accompagnement d’enfants, d’adolescents en situation de handicap,</li><li> Reconnu d’utilité publique,</li></ul><p>- L’Association continue le développement et l’amélioration des établissements d’accueil et de prise en charge des enfants et adultes en situation de handicap initiés depuis les années soixante. Elle a le souci permanent de consolider les axes fondateurs que sont :</p><ul><li>la recherche de la meilleure intégration et accompagnement possible pour les personnes accueillies,</li><li>ainsi que l’offre d’une réponse de proximité par rapport à la région Sundgauvienne.</li></ul></div></div></div></div>

<!-- This site is optimized with the Yoast SEO plugin v15.7 - https://yoast.com/wordpress/plugins/seo/ -->
<title>Les valeurs - Association Marie Pire</title>
<meta name="robots" content="index, follow, max-snippet:-1, max-image-preview:large, max-video-preview:-1" />
<link rel="canonical" href="http://www.mariepire.fr/index.php/les-valeurs/" />
<meta property="og:locale" content="fr_FR" />
<meta property="og:type" content="article" />
<meta property="og:title" content="Les valeurs - Association Marie Pire" />
<meta property="og:description" content="[et_pb_section bb_built= »1&Prime; specialty= »off » _builder_version= »3.2.2&Prime; gutter_width= »2&Prime; next_background_color= »#ffffff » background_color_gradient_start= »#47529c » background_color_gradient_end= »#55a3dd » use_background_color_gradient= »on »][et_pb_row _builder_version= »3.2.2&Prime; gutter_width= »2&Prime;][et_pb_column type= »4_4&Prime;][et_pb_post_title _builder_version= »3.2.2&Prime; meta= »off » featured_image= »off » text_color= »light » title_font_size= »60px » /][/et_pb_column][/et_pb_row][/et_pb_section][et_pb_section bb_built= »1&Prime; prev_background_color= »#000000&Prime;][et_pb_row][et_pb_column type= »4_4&Prime;][et_pb_text _builder_version= »3.2.2&Prime;] &#8211; Notre ETHIQUE : le respect de la personne dans sa fonction et en tant qu’individu, &#8211; Notre PHILOSOPHIE : Toute personne a droit aux couleurs de la vie, &#8211; Les FONDEMENTS même de notre action [&hellip;]" />
<meta property="og:url" content="http://www.mariepire.fr/index.php/les-valeurs/" />
<meta property="og:site_name" content="Association Marie Pire" />
<meta property="article:modified_time" content="2018-06-01T11:15:45+00:00" />
<meta name="twitter:card" content="summary_large_image" />
<meta name="twitter:label1" content="Durée de lecture est.">
	<meta name="twitter:data1" content="1 minute">
<script type="application/ld+json" class="yoast-schema-graph">{"@context":"https://schema.org","@graph":[{"@type":"WebSite","@id":"http://www.mariepire.fr/#website","url":"http://www.mariepire.fr/","name":"Association Marie Pire","description":"","potentialAction":[{"@type":"SearchAction","target":"http://www.mariepire.fr/?s={search_term_string}","query-input":"required name=search_term_string"}],"inLanguage":"fr-FR"},{"@type":"WebPage","@id":"http://www.mariepire.fr/index.php/les-valeurs/#webpage","url":"http://www.mariepire.fr/index.php/les-valeurs/","name":"Les valeurs - Association Marie Pire","isPartOf":{"@id":"http://www.mariepire.fr/#website"},"datePublished":"2018-05-09T10:01:54+00:00","dateModified":"2018-06-01T11:15:45+00:00","inLanguage":"fr-FR","potentialAction":[{"@type":"ReadAction","target":["http://www.mariepire.fr/index.php/les-valeurs/"]}]}]}</script>
<!-- / Yoast SEO plugin. -->
